{"id":2,"date":"2021-03-01T10:31:48","date_gmt":"2021-03-01T09:31:48","guid":{"rendered":"http:\/\/www.mfdc.fr\/entreprise\/?page_id=2"},"modified":"2026-04-09T17:22:26","modified_gmt":"2026-04-09T15:22:26","slug":"accueil","status":"publish","type":"page","link":"https:\/\/www.mfdc.fr\/entreprise\/","title":{"rendered":"PREMIER FABRICANT DE CYCLES FRAN\u00c7AIS"},"content":{"rendered":"\n<p>La <strong>Manufacture Fran\u00e7aise du Cycle est l\u2019acteur majeur du march\u00e9 du cycle, pi\u00e8ces et accessoires en France<\/strong>. N\u00b01 du V\u00e9lo \u00e9lectrique avec plus de 150 000 v\u00e9los \u00e9lectriques annuel en moyenne, nous concevons et assemblons des v\u00e9los de qualit\u00e9 en France \u00e0 Machecoul (Loire-Atlantique 44). Avec plus de 800 collaborateurs qualifi\u00e9s qui d\u00e9veloppent, innovent et assemblent, nous travaillons chaque jour pour apporter des solutions fiables de mobilit\u00e9 sportive, urbaine et loisir \u00e0 travers tous nos v\u00e9los.<\/p>\n\n\n\n<p><strong>Du v\u00e9lo en libre-service, au v\u00e9lo \u00e9lectrique en passant par des produits haut de gamme \u00e0 la marque SUNN<\/strong>, vous \u00eates certain de trouver chez MFC le v\u00e9lo adapt\u00e9 \u00e0 votre usage. La Manufacture Fran\u00e7aise du Cycle assure \u00e9galement le <strong>service apr\u00e8s-vente <\/strong>de ses v\u00e9los avec une \u00e9quipe qualifi\u00e9e et d\u00e9di\u00e9e bas\u00e9e \u00e0 Machecoul.<\/p>\n\n\n\n<p>Depuis le 9 mars 2021, MFC est le <strong>1er producteur de cycles Op\u00e9rateur Agr\u00e9\u00e9 par l&rsquo;Etat sur l&rsquo;identification de cycles<\/strong> couronnant le travail effectu\u00e9 depuis plus d&rsquo;un an avec l&rsquo;Union Sport &amp; Cycle et la F\u00e9d\u00e9ration des Usagers de la Bicyclette (FUB).<\/p>\n\n\n\n<p><strong>Notre valeur ajout\u00e9e : 100 ans d\u2019expertise, de savoir-faire et d&rsquo;\u00e9quipes qualifi\u00e9es dans une logique d\u2019am\u00e9lioration continue \u00e0 votre service.<\/strong><\/p>\n\n\n\n<h2 class=\"has-text-align-center\">IDENTIFICATION<\/h2>\n\n\n\n<p class=\"has-text-align-center\">Vous avez des questions sur l&rsquo;identification de votre v\u00e9lo ?<\/p>\n\n\n\n<p class=\"has-text-align-center\">Contactez-nous \u00e0 l&rsquo;adresse e-mail : <strong><a href=\"mailto:contact.mfc@o-code.co\">contact.mfc@o-code.co<\/a><\/strong> nous pourrons vous r\u00e9pondre !<\/p>\n","protected":false},"excerpt":{"rendered":"<p>La Manufacture Fran\u00e7aise du Cycle est l\u2019acteur majeur du march\u00e9 du cycle, pi\u00e8ces et accessoires en France. N\u00b01 du V\u00e9lo \u00e9lectrique avec plus de 150 000 v\u00e9los \u00e9lectriques annuel en moyenne, nous concevons et assemblons des v\u00e9los de qualit\u00e9 en France \u00e0 Machecoul (Loire-Atlantique 44). Avec plus de 800 collaborateurs qualifi\u00e9s qui d\u00e9veloppent, innovent et [&hellip;]<\/p>\n","protected":false},"author":1,"featured_media":0,"parent":0,"menu_order":0,"comment_status":"closed","ping_status":"closed","template":"","meta":[],"_links":{"self":[{"href":"https:\/\/www.mfdc.fr\/entreprise\/wp-json\/wp\/v2\/pages\/2"}],"collection":[{"href":"https:\/\/www.mfdc.fr\/entreprise\/wp-json\/wp\/v2\/pages"}],"about":[{"href":"https:\/\/www.mfdc.fr\/entreprise\/wp-json\/wp\/v2\/types\/page"}],"author":[{"embeddable":true,"href":"https:\/\/www.mfdc.fr\/entreprise\/wp-json\/wp\/v2\/users\/1"}],"replies":[{"embeddable":true,"href":"https:\/\/www.mfdc.fr\/entreprise\/wp-json\/wp\/v2\/comments?post=2"}],"version-history":[{"count":22,"href":"https:\/\/www.mfdc.fr\/entreprise\/wp-json\/wp\/v2\/pages\/2\/revisions"}],"predecessor-version":[{"id":607,"href":"https:\/\/www.mfdc.fr\/entreprise\/wp-json\/wp\/v2\/pages\/2\/revisions\/607"}],"wp:attachment":[{"href":"https:\/\/www.mfdc.fr\/entreprise\/wp-json\/wp\/v2\/media?parent=2"}],"curies":[{"name":"wp","href":"https:\/\/api.w.org\/{rel}","templated":true}]}}

PREMIER FABRICANT DE CYCLES FRANÇAIS

<p>La <strong>Manufacture Française du Cycle est l’acteur majeur du marché du cycle, pièces et accessoires en France</strong>. N°1 du Vélo électrique avec plus de 150 000 vélos électriques annuel en moyenne, nous concevons et assemblons des vélos de qualité en France à Machecoul (Loire-Atlantique 44). Avec plus de 800 collaborateurs qualifiés qui développent, innovent et assemblent, nous travaillons chaque jour pour apporter des solutions fiables de mobilité sportive, urbaine et loisir à travers tous nos vélos.</p>



<p><strong>Du vélo en libre-service, au vélo électrique en passant par des produits haut de gamme à la marque SUNN</strong>, vous êtes certain de trouver chez MFC le vélo adapté à votre usage. La Manufacture Française du Cycle assure également le <strong>service après-vente </strong>de ses vélos avec une équipe qualifiée et dédiée basée à Machecoul.</p>



<p>Depuis le 9 mars 2021, MFC est le <strong>1er producteur de cycles Opérateur Agréé par l&rsquo;Etat sur l&rsquo;identification de cycles</strong> couronnant le travail effectué depuis plus d&rsquo;un an avec l&rsquo;Union Sport &amp; Cycle et la Fédération des Usagers de la Bicyclette (FUB).</p>



<p><strong>Notre valeur ajoutée : 100 ans d’expertise, de savoir-faire et d&rsquo;équipes qualifiées dans une logique d’amélioration continue à votre service.</strong></p>



<h2 class="has-text-align-center">IDENTIFICATION</h2>



<p class="has-text-align-center">Vous avez des questions sur l&rsquo;identification de votre vélo ?</p>



<p class="has-text-align-center">Contactez-nous à l&rsquo;adresse e-mail : <strong><a href="mailto:contact.mfc@o-code.co">contact.mfc@o-code.co</a></strong> nous pourrons vous répondre !</p>

<p>La Manufacture Française du Cycle est l’acteur majeur du marché du cycle, pièces et accessoires en France. N°1 du Vélo électrique avec plus de 150 000 vélos électriques annuel en moyenne, nous concevons et assemblons des vélos de qualité en France à Machecoul (Loire-Atlantique 44). Avec plus de 800 collaborateurs qualifiés qui développent, innovent et [&hellip;]</p>
